 + 5433. Calculate p(-1).
-6
Let r(t) = -7*t**3 - 62*t**2 + 195*t + 2. What is r(3)?
-160
Let d(m) = -3333*m + 59998. Determine d(18).
4
Let q(b) = -b**3 - 89*b**2 - 496*b + 135. What is q(-83)?
-31
Let j(p) = p**3 - 4*p**2 - 32*p + 91. Calculate j(3).
-14
Let x(o) = -1870*o - 1853. What is x(-1)?
17
Let u(d) = 9*d**2 - 17*d - 30. Determine u(2).
-28
Let p(h) = -19944*h + 219394. Give p(11).
10
Let p(g) = 11*g**2 + 308*g. Calculate p(-28).
0
Let n(g) = 2*g**2 - 29*g + 4. Give n(16).
52
Let d(p) = -216*p + 3268. Give d(15).
28
Let z(u) = 29*u - 2342. Determine z(82).
36
Let k(n) = n**2 + 16*n - 73. Determine k(-19).
-16
Let g(p) = 18*p - 139. Calculate g(10).
41
Let u(o) = o**3 + 176*o**2 + 1187*o + 682. What is u(-169)?
6
Let l(d) = d**3 - 36*d**2 - 74*d - 66. Determine l(38).
10
Let t(l) = -74*l + 1772. What is t(20)?
292
Let q(f) = -f**2 + 31*f - 148. Give q(24).
20
Let u(o) = -o**2 + 11*o + 66. Determine u(20).
-114
Let a(k) = -334*k + 17025. Determine a(51).
-9
Let z(f) = -6706*f - 207886. What is z(-31)?
0
Let w(z) = -z**3 - 25*z**2 - 63*z + 41. Calculate w(-22).
-25
Let w(a) = -116*a - 710. What is w(-6)?
-14
Let l(p) = 45*p - 3285. What is l(72)?
-45
Let x(g) = 92*g**2 + 92*g - 3. Give x(-1).
-3
Let x(w) = 2*w**3 - 13*w**2 - 15*w + 51. Calculate x(7).
-5
Let a(m) = -6*m**2 - 11*m - 1. Give a(-1).
4
Let f(h) = 102*h + 170. Determine f(4).
578
Let f(s) = -21*s**2 - 223*s + 146. What is f(-11)?
58
Let k(t) = 5*t - 204. Calculate k(42).
6
Let z(k) = -7*k**2 + 92*k - 323. Determine z(7).
-22
Let x(a) = a**3 + 40*a**2 - 622*a + 109. Calculate x(-52).
5
Let j(l) = -l**2 - 228*l + 3133. What is j(-241)?
0
Let q(v) = -48*v + 202. Determine q(-7).
538
Let y(l) = 3*l**3 - 34*l**2 + 11*l - 8. Give y(11).
-8
Let g(q) = q**3 - 465*q**2 + 356*q + 50116. Determine g(464).
4
Let f(j) = 42*j + 2489. What is f(-58)?
53
Let s(w) = -2*w + 17. Determine s(27).
-37
Let c(j) = 7*j**2 - 335*j - 174. What is c(48)?
-126
Let s(m) = m**2 + 2022*m + 18101. Give s(-9).
-16
Let d(u) = -126*u - 1641. Give d(-13).
-3
Let u(w) = -24*w**2 - 2*w - 3. Calculate u(-1).
-25
Let q(t) = 2*t**3 + 9*t**2 - 6*t + 51. What is q(-8)?
-349
Let c(l) = l**3 + 2*l**2 - 147*l + 543. What is c(8)?
7
Let m(t) = 4*t**3 - 377*t**2 - 293*t + 775. Calculate m(95).
15
Let r(p) = p**2 - 82*p + 815. What is r(67)?
-190
Let k(x) = -x**2 + 7*x - 2. Calculate k(3).
10
Let h(a) = -a**2 + 170*a - 6759. Give h(105).
66
Let w(z) = -75*z - 442. Calculate w(-7).
83
Let n(j) = 5*j**2 + 36*j + 14. Calculate n(-7).
7
Let s(p) = 235*p - 7817. Give s(33).
-62
Let f(o) = 2*o**2 - 33*o + 4. What is f(7)?
-129
Let w(k) = -k**3 - 102*k**2 + 196*k - 1375. What is w(-104)?
-127
Let y(m) = -m**3 + 45*m**2 - 27*m - 737. What is y(44)?
11
Let p(a) = 149*a + 735. Calculate p(-5).
-10
Let i(o) = -2*o**3 - 5*o**2 + 58*o + 166. What is i(-3)?
1
Let m(i) = 67*i - 40. Calculate m(-4).
-308
Let m(p) = -3*p**2 + 215*p - 3846. What is m(36)?
6
Let h(l) = l**2 + 46*l + 262. Determine h(-7).
-11
Let o(c) = -6*c + 295. What is o(45)?
25
Let p(v) = 7*v**2 - 29*v - 1. Calculate p(4).
-5
Let g(n) = 1011*n + 281059. Calculate g(-278).
1
Let j(b) = b**3 + 4*b**2 + 2*b - 9. What is j(3)?
60
Let x(r) = r**2 - 7*r + 96. What is x(-8)?
216
Let y(i) = -7*i**2 - 250*i + 600. What is y(-38)?
-8
Let z(f) = 32*f - 152. Determine z(10).
168
Let k(u) = -u**2 - 60*u - 824. What is k(-27)?
67
Let b(c) = 8*c**3 + 467*c**2 + 169*c - 309. Give b(-58).
-19
Let m(r) = 31*r**2 + 808*r + 20. Give m(-26).
-32
Let v(q) = -2*q**3 - 3*q**2 + 6*q + 25. What is v(-5)?
170
Let w(r) = 2*r**3 + 17*r**2 + 7*r - 2. Determine w(-8).
6
Let a(y) = -62*y**3 - 4*y**2 + 4*y + 1. What is a(1)?
-61
Let t(i) = 7*i**2 + 4*i + 477. Give t(0).
477
Let u(k) = 4*k**2 - 32*k + 9. Give u(9).
45
Let h(r) = 581*r + 1151. Determine h(-2).
-11
Let h(b) = -b**3 - 22*b**2 - 6*b - 61. Calculate h(-22).
71
Let v(d) = d**3 + 11*d**2 - 90*d - 915. Calculate v(-8).
-3
Let p(k) = -247*k**2 - 7*k + 5. What is p(1)?
-249
Let d(q) = 32*q**2 + 2*q - 1. Calculate d(3).
293
Let g(p) = -2*p**2 - 100*p + 1640. Give g(-63).
2
Let d(i) = -i**3 + 64*i**2 + 122*i + 657. What is d(66)?
-3
Let y(n) = -544*n - 1122. Determine y(-2).
-34
Let f(a) = -a**3 - 137*a**2 - 657*a + 349. Determine f(-132).
-47
Let u(h) = -h**3 - 18*h**2 - 90*h - 747. Calculate u(-15).
-72
Let w(u) = 1314*u + 17111. Give w(-13).
29
Let l(i) = 7*i**2 - 11*i + 98. Calculate l(6).
284
Let h(o) = 10*o**3 + 18*o**2 + 9*o - 7. Give h(-3).
-142
Let w(z) = z**3 + 8*z**2 - 78*z - 139. Determine w(-13).
30
Let f(a) = 4*a**2 + 89*a + 215. Calculate f(-3).
-16
Let i(d) = 2*d**2 - 2*d - 500. Calculate i(16).
-20
Let j(d) = -d**3 - 15*d**2 - 17*d - 169. Calculate j(-12).
-397
Let b(l) = -16*l**2 - 110*l - 13. Give b(-5).
137
Let x(d) = -2*d**3 + 20*d**2 + 15*d + 40. Determine x(9).
337
Let l(w) = -19*w - 541. Determine l(-16).
-237
Let m(r) = -7*r**2 + 34*r + 133. Give m(-4).
-115
Let z(w) = -12*w**3 - 3*w**2 - 21*w + 37. Give z(2).
-113
Let s(r) = 14*r**2 + 171*r + 2. Determine s(-12).
-34
Let t(r) = -r**3 + 6*r**2 + 31*r - 154. Calculate t(5).
26
Let c(i) = -8*i - 268. What is c(-29)?
-36
Let c(v) = 2*v**2 - 100*v - 481. What is c(56)?
191
Let m(v) = -v**2 - 9*v - 30. Calculate m(5).
-100
Let p(v) = 2*v**3 + 16*v**2 + 7*v - 34. Give p(-7).
15
Let a(l) = -19*l**2 + 265*l + 283. Determine a(-1).
-1
Let h(d) = 2*d**3 - 22*d**2 - 21*d + 33. Determine h(12).
69
Let r(y) = -8*y**2 + 18*y - 19. Give r(1).
-9
Let i(f) = -514*f + 3087. What is i(6)?
3
Let p(h) = -28*h**2 + 6*h - 1. What is p(-2)?
-125
Let b(h) = 602*h - 20486. Determine b(34).
-18
Let q(j) = -2*j**2 + 52*j + 2435. Determine q(-24).
35
Let k(h) = 5*h**3 - h**2 - 4*h - 2. Calculate k(-3).
-134
Let p(c) = -23*c - 36. Give p(-1).
-13
Let m(s) = 4*s**2 + 38*s - 117. Determine m(11).
785
Let o(f) = 102*f**2 - 247*f - 4. Determine o(3).
173
Let w(s) = s**3 - 6*s**2 + 55*s - 180. Determine w(4).
8
Let j(x) = -9672*x - 19354. What is j(-2)?
-10
Let f(b) = 52*b - 295. Give f(9).
173
Let k(n) = n**2 + n - 153. What is k(14)?
57
Let o(k) = 177*k + 4770. What is o(-27)?
-9
Let f(p) = 3*p**3 - 25*p**2 - 10*p - 28. Give f(9).
44
Let h(k) = -k**2 - 130*k - 3190. Determine h(-97).
11
Let l(z) = -61*z + 2266. Give l(37).
9
Let b(q) = 31*q**2 + 66*q + 2. Determine b(-2).
-6
Let g(m) = -4*m**3 + 173*m**2 - 86*m + 1836. Calculate g(43).
-13
Let v(f) = 194*f + 25028. Determine v(-129).
2
Let s(n) = -13*n - 97. What is s(-10)?
33
Let o(p) = -2*p**2 + 491*p - 9627. Give o(224).
5
Let q(w) = w**3 - w**2 - 2*w + 27. Determine q(-3).
-3
Let p(c) = -14*c + 288. Determine p(20).
8
Let n(w) = -1104*w + 90524. Give n(82).
-4
Let z(u) = 933*u**2 - 8406*u + 73. Calculate z(9).
-8
Let h(x) = 33*x - 79. What is h(7)?
152
Let a(j) = 2*j**3 + 114*j**2 + 5*j + 319. What is a(-57)?
34
Let z(o) = -231*o**2 - 7392*o - 11. Calculate z(-32).
-11
Let o(v) = -32*v + 112. Determine o(5).
-48
Let o(v) = -2*v**2 - 45*v + 127. Determine o(-25).
2
Let x(a) = 241*a - 40. Determine x(1).
201
Let m(a) = -a**3 - 34*a**2 + 4*a + 153. What is m(-34)?
17
Let q(x) = x**3 + 4*x**2 - 3*x - 17. Calculate q(-3).
1
Let g(m) = 18*m**2 - 6*m + 11. Give g(2).
71
Let v(h) = h**2 + 402*h + 39557. Determine v(-172).
-3
Let z(b) = -2*b**2 + 37*b - 22. Determine z(6).
128
Let s(f) = -21*f - 867. Determine s(-46).
99
Let g(q) = -10*q**2 + 4*q + 58. Determine g(5).
-172
Let z(f) = -f**2 + 28*f + 14. What is z(30)?
-46
Let z(y) = -y**2 - 353*y + 4011. What is z(11)?
7
Let x(n) = -n**3 + 25*n**2 + 36*n - 271. Calculate x(26).
-11
Let r(b) = -37*b**2 - 11*b + 20. Calculate r(-3).
-280
Let x(z) = -4*z**2 + 297*z + 15. What is x(0)?
15
Let y(z) = 118*z - 63. Calculate y(1).
55
Let r(q) = 7*q - 707. Determine r(103).
14
Let i(s) = s**3 - 7*s**2 + 46*s - 96. What is i(4)?
40
Let s(h) = h**2 + 1550*h + 10793. Determine s(-7).
-8
Let n(j) = -j**2 + 16*j + 79. Give n(-5).
-26
Let n(t) = -10*t**2 + 258*t + 4654. Give n(38).
18
Let g(b) = b**2 + 23*b + 426. Calculate g(0).
426
Let o(t) = 52*t - 1506. Give o(29).
2
Let g(s) = -2*s**2 + 70*s + 73. Give g(-1).
1
Let q(v) = 2*v**2 - 224*v + 2030. Give q(10).
-10
Let t(d) = -57*d**2 + 408*d - 69. What is t(7)?
-6
Let c(d) = d**3 + 26*d**2 - 48*d + 155. Give c(-28).
-69
Let t(a) = -29*a - 279. What is t(-9)?
-18
Let y(k) 